 = -25. What is the tens digit of l?
1
What is the units digit of (-3)/(6/10) + 18559 + -49?
5
Let n(l) = l**3 + 40*l**2 - 78*l - 172. What is the hundreds digit of n(-34)?
4
What is the units digit of ((-1)/10)/(1/(-2)) + (-15310400)/(-500)?
1
What is the tens digit of 13546/(2/1) + 5/(-1)?
6
What is the ten thousands digit of -2 - (-56)/22 - 3611832/(-154)?
2
Suppose 3*f - 7*i = -8*i + 35, -4*i = 3*f - 50. Suppose -t - 5*s = -f*s - 855, 4*t - 3*s = 3352. What is the hundreds digit of t?
8
Let r be (-9)/1*(5 + (-35)/3). Suppose -r*u + 8280 = -51*u. What is the units digit of u?
0
Suppose 0*k - 84 = 7*k. Let q be ((2416/k)/2)/((-1)/(-3)). Let c = q + 438. What is the tens digit of c?
3
Let y = -248 - -1196. Let o = y - 507. What is the hundreds digit of o?
4
Suppose 49*y = 21*y + 11900. Let j = y + 725. What is the thousands digit of j?
1
Suppose 60 = -17*x + 12*x. What is the units digit of (2/2)/(x/(-7584))?
2
Suppose -2*d + 0*m = 2*m - 14, -5*d = m - 15. Let w be (-11)/(198/12)*(-111)/d. Suppose 4*i - 2*l - w = 109, 4*l = 4*i - 156. What is the units digit of i?
4
Let i be (-206)/(-10) + -2 + (-27)/45. Let r be (-3)/(i/20)*18/5. What is the tens digit of (-9 + 4)/5 - r?
1
Let q(i) = -22 - 69*i**2 + 40*i + 68*i**2 + 21*i. What is the hundreds digit of q(23)?
8
Suppose -5*c = -5*r + 15, -3*r - 10 = -8*r. What is the units digit of (-2 - c)/((-6)/(-1662)*-1)?
7
Let x be (0/(-16) - (0 + 0)) + 655. Suppose x = s + d, -1311 = s - 3*s - 3*d. Suppose -5*m + 26 + s = 0. What is the hundreds digit of m?
1
Suppose -2*p - 2 = 2*y, 0 = p + 2*y + 5 - 3. Suppose 5*f + 3*n - 164 = p, -13 + 10 = -n. What is the units digit of f?
1
Let p(u) = -60*u - 248. Let l(n) = 239*n + 989. Let k(g) = -2*l(g) - 9*p(g). What is the units digit of k(18)?
0
Let b = 382 - -103. Let t = 360 + b. What is the hundreds digit of t?
8
Let g(x) = -220*x - 1561. What is the thousands digit of g(-14)?
1
Suppose 0 = -7*f + 15*f - 16. Let b(x) = 22*x**3 + x**2 - 2*x + 4. Let a be b(f). Suppose 16*z = 17*z - a. What is the units digit of z?
0
Suppose 5*v - 34 = -5*l - 9, -v + 5*l = 25. What is the tens digit of 39/(-13) - (v + -168)?
6
Let a be -4 - (1 + 61 + -1). Let l = -71 - a. Let d(b) = 5*b**2 + 9*b - 10. What is the tens digit of d(l)?
1
Suppose f - 4 = -f. Suppose 3834 = f*t + 16*t. What is the tens digit of t?
1
Suppose -2*v = 5*g - 44, 0 = -2*g + 6*g - 16. Suppose -5*a = -11*a + v. Suppose -a*p = -56 - 34. What is the tens digit of p?
4
Let x(q) = 57*q - 63. Let t(l) = -7*l + 8. Let w(m) = 33*t(m) + 4*x(m). Let i be w(3). Suppose -5*r + 255 = -0*d + 5*d, -i = -d. What is the units digit of r?
8
Suppose 5*z = 20, -3*r + 129*z - 125*z + 23681 = 0. What is the hundreds digit of r?
8
Let p(z) = -394*z + 914. What is the units digit of p(2)?
6
Let s(c) = -c**3 + 7*c**2 + c - 20. Suppose -2*w - 5*n + 10*n - 11 = 0, w - 22 = -3*n. Let y be (-741)/(-133) - (-3)/w. What is the units digit of s(y)?
2
What is the units digit of (-1748)/57*((-4)/(-18) + (-53391)/54)?
4
Let k(q) = 645*q**2 - 3*q - 1. Let j be k(-1). Let g = j - 150. What is the tens digit of g?
9
Let u be 4/22 + 21075/(-55). Let x = 995 + u. What is the hundreds digit of x?
6
Suppose 16*p = -26592 - 5600. Let i = -1005 - p. What is the units digit of i?
7
Suppose -6 = s + 4*u, -s + u - 5 = 4*u. Let j(g) = -15*g**3 + 3*g**2 + 2*g - 1. What is the units digit of j(s)?
7
Let u be (-2 + 2 - (4 + -3))*-517. Suppose -3*p + 4*o + 546 = 0, 2*p - u + 158 = o. What is the units digit of p?
8
Suppose -4*u + 2*m + 31112 = 0, -5*u + 40*m = 38*m - 38893. What is the thousands digit of u?
7
Let z = 284 + -284. Suppose 4*w - 4 = 0, 5*l + z*l - 2*w - 2393 = 0. What is the hundreds digit of l?
4
Let x(z) = 90*z + 12. Let g be x(-4). Let o = g + 516. What is the tens digit of o?
6
Let v(q) = 4*q**3 - 25*q**2 + 63*q - 33. What is the thousands digit of v(12)?
4
Let t(h) = -24*h**3 + 3*h**2 - 3*h + 1. Let i be t(1). Let b be -3*2*(13 + i). Let o = b - 19. What is the units digit of o?
1
Suppose -3*y + y = 2*m - 26, -72 = -5*m + 2*y. Suppose 19*s - m*s = 2515. Let h = -352 + s. What is the hundreds digit of h?
1
Let i(n) = 2*n**2 + 28*n - 13. Let l be i(-19). Suppose l*f - 181*f = -1548. What is the units digit of f?
7
Suppose -16*u = -11*u - 20. Suppose -t = u*z - 1627, 4*t + 2*z - 6494 = -0*z. What is the units digit of t?
3
Suppose -4*h - 6*h = -77524 + 3004. What is the tens digit of h?
5
Let u be (3/2)/(14/4 - 3). What is the hundreds digit of u*(840/18 + 4)?
1
Let u(r) = 65*r**2 + 60*r - 18. What is the units digit of u(5)?
7
Let f be 87/(-12) + (-9)/12. Let z be (4/6*39)/((-2)/f). Suppose 0 = -5*y + z + 311. What is the tens digit of y?
8
Suppose r - 3 = -2*q, 19 = 2*q - 2*r + 1. What is the tens digit of q/(-22) + (-46014)/(-66)?
9
Let m(j) = 1962*j + 11630. What is the thousands digit of m(10)?
1
Suppose -3 = 3*c + 21. Let n = 26 + c. What is the tens digit of (38/(-6))/((-6)/n)?
1
Let u = 805 + 5087. What is the units digit of u?
2
Suppose -2*j - j + 163 = -4*c, 0 = 2*c + j + 69. Let l = c - -146. What is the tens digit of l?
0
Let a(k) = -15*k + 37. Let z be -3*(-4)/(-72) + 321/(-18). What is the tens digit of a(z)?
0
Let r(a) = 10*a - a**3 + 2*a - 44*a**2 + 8 + 19*a**2. What is the tens digit of r(-26)?
7
Suppose 0 = 2*v + 3*d - 26635, 5*v + 5*d - 93628 + 27018 = 0. What is the thousands digit of v?
3
Suppose 0 = 8*b + 2853 - 26421. Suppose 0 = 11*o - 9084 + b. What is the tens digit of o?
5
Let v(m) = m - 2. Suppose 3*a = -0*a + 12. Let s be v(a). Suppose -3*y - r + 534 = 0, 5*y - 689 = s*r + 190. What is the hundreds digit of y?
1
What is the thousands digit of (-18283195)/(-290) - (-1)/((-6)/(-15))?
3
Let t be ((-4830)/(-4))/((-63)/(-84)). Suppose -2*k - t = -12*k. What is the hundreds digit of k?
1
Let b(c) = -c**2 + 150*c - 516. What is the hundreds digit of b(96)?
6
Let o be (15/20 - 3)/(1/(-4)). Suppose -652 = -11*l + o*l. Let v = 467 - l. What is the units digit of v?
1
Let w = 53 + -58. Let g be w*3/(-2)*12. Suppose -s - 137 = -2*a, -3*a + g = -4*s - 108. What is the units digit of a?
0
Suppose -9*l + 104070 = -9834. What is the hundreds digit of l?
6
Suppose 28836 = -14*s - 10364. Let f = s - -4196. What is the thousands digit of f?
1
Suppose 65*s = -2*s - 134. Suppose -71 = p - 0*p. What is the units digit of (s + 0)/2 - p?
0
What is the hundreds digit of 6/(-5)*(-2185890)/441?
9
Let i(f) = -509*f - 267. What is the thousands digit of i(-21)?
0
What is the hundreds digit of (-106944)/(-16)*3/2?
0
Let q(m) = 6*m**2 + 164*m + 140. What is the thousands digit of q(-39)?
2
Suppose -42*c + 529 + 815 = 0. What is the thousands digit of c/4 + 4/(-2) - -1696?
1
Let s(y) = y**3 + 8*y**2 - 10*y - 8. Let r be s(-9). Let j = 54 - 52. What is the tens digit of 24/(r*(j + (-21)/12))?
9
Let f = -4034 + 4052. What is the tens digit of f?
1
Let p = 17180 - 14487. What is the units digit of p?
3
Suppose 7*d - 51 - 334 = 0. Let f = d - -1095. What is the hundreds digit of f?
1
Let h = -259 + 173. Let t = h + 186. Suppose 0 = -t*b + 101*b - 62. What is the units digit of b?
2
Let x = -9633 + 82625. What is the ten thousands digit of x?
7
Suppose 48365 - 19581 = 14*b. What is the units digit of b?
6
Let d(a) = 7*a**2 - 13 - 37*a + 37*a. Let v(f) = -35*f**2 - f + 66. Let m(g) = 11*d(g) + 2*v(g). What is the tens digit of m(-3)?
5
Let u(t) = -2*t + 22. Let c be u(11). Let r(z) = -z**2 - z - 590. Let w be r(c). What is the tens digit of 6/(-4) + w/(-20)?
2
Let w(m) = 7*m - 27. Let q be -2*4 - 14/(-7). Let v be 4/(-12) - 98/q. What is the tens digit of w(v)?
8
Suppose -3*f + 15 = -3*d, -d = -3*f - 1 + 18. Suppose f*s - 17141 = -5369. What is the units digit of s?
2
Suppose -s = -v - 8, 0 = -s + 3*s + 2*v - 12. Suppose 32 = -s*m + 424. What is the units digit of m?
6
Suppose 0 = 24*c + 39636 - 166596. What is the hundreds digit of c?
2
Let h be (-486)/45*1520/24. Let o = 813 + h. What is the tens digit of o?
2
Let f = 162958 - 102543. What is the hundreds digit of f?
4
Suppose -98664 = 1318*g - 1324*g. What is the tens digit of g?
4
Let h(c) = -2*c - 28. Let t be h(-14). Suppose -11*v + 6*v + 905 = t. What is the units digit of v?
1
Suppose -23*r + 17832 + 7570 = -46220. What is the tens digit of r?
1
Let s = 11148 - -13220. What is the hundr